19 = -14*f + s. Let a(m) = -4*m - 3 + 6 + 5. Calculate a(f).
-16
Let l(u) be the second derivative of -3*u**2 + u + 1/6*u**3 + 0. Calculate l(0).
-6
Let q(p) = p - 11. Let f(i) = -i**3 - 17*i**2 + 25*i + 14. Let a be f(-18). Let v be ((-20)/14)/(16/a). Give q(v).
-1
Let a(j) = j**3 - 8*j**2 + 49*j - 4. Let k(y) = -y**3 + 9*y**2 - 59*y + 5. Let z(u) = 6*a(u) + 5*k(u). What is z(-2)?
-17
Suppose -4*l + i = 9, 4*l + 221*i = 224*i + 13. Let b(s) = 1. Let q(v) = 2*v + 2. Let k(p) = b(p) - q(p). Calculate k(l).
9
Let b(i) = 32*i + 1027. Let n be b(-32). Let s(x) be the second derivative of 0 - 10*x - x**2 - 1/3*x**n - 1/12*x**4. What is s(-3)?
-5
Let t(z) = 1367*z - 1422*z + 50 + 4*z**3 + 0*z**3 + 54*z**2 - z**3 - z**3. What is t(-28)?
22
Let m = 214 - 212. Let o(k) = k**2 + 3*k - 8. Let s(a) = -a**2 - 2*a + 7. Let q(u) = m*o(u) + 3*s(u). What is q(-4)?
-11
Let p(u) = -2*u - 11. Let z = 139 + -77. Let l be (z - 59) + (1 - -2) + -1. Suppose 6*t - 4*m + 16 = 2*t, -3*m = l*t + 52. Calculate p(t).
5
Let s(d) = 12*d - 718. Let o(u) = -4*u + 249. Let a(y) = 17*o(y) + 6*s(y). Calculate a(16).
-11
Let y(u) be the second derivative of -u**5/24 - 7*u**4/24 + 5*u**3/3 + u**2 - 54*u. Let q(w) be the second derivative of y(w). What is q(-6)?
23
Let f = -177 - -171. Let s be (-1 - (-7 - f))/(-5). Let c(u) = -6 - 2*u + 0*u + u. Determine c(s).
-6
Let l(j) = j - 13. Let i be (16 + 1258/(-85))/((-3)/(-20)). What is l(i)?
-5
Let j(o) = o**2 - 12*o + 21. Let h be 1/23 + (-26224)/(-2024). Determine j(h).
34
Let m(y) = -23*y + 59. Let n(v) = 43*v - 115. Let k(q) = -15*m(q) - 8*n(q). Give k(-11).
24
Let g(b) = -3*b**2 - 19*b - 32. Let w(z) be the third derivative of z**5/60 + 7*z**4/24 + 11*z**3/6 - 33*z**2. Let p(n) = -6*g(n) - 17*w(n). Give p(5).
5
Let j(l) = l**3 + 10*l**2 - 2*l - 17. Let a be j(-10). Suppose k = -a*k + 20. Let w(t) = -12*t + 6*t + k*t + 5*t**2. Calculate w(1).
4
Let a = -757 - -754. Let r(n) = 2*n**2 + 10*n + 6. Determine r(a).
-6
Let j be (240/3)/(-8) + 5. Let f(u) = 8*u + 8. Let y(k) = -3*k - 3. Let h(b) = -4*f(b) - 11*y(b). Calculate h(j).
-4
Let b(p) be the first derivative of p**3/3 + 6*p**2 + 24*p - 1634. Calculate b(-8).
-8
Let a = 831 + -823. Let q(o) = o**3 - 8*o**2 + 3*o - 15. Give q(a).
9
Let d(a) = -6*a - 35. Let i be d(-7). Suppose -m - i = -23. Suppose 0 = -2*l + 2*j + 8, 3*l = -0*l + 5*j + m. Let f(k) = -3*k. Determine f(l).
-6
Let u(t) = -10 + 25*t**2 - 9*t + 285*t**3 - 4 - 290*t**3. Let s(a) = -a**3 + 5*a**2 - 2*a - 3. Let o be -3 - -2*10/4. Let b(h) = o*u(h) - 11*s(h). What is b(4)?
5
Let y(d) = -d**2 + 3*d + 13. Let w be y(-3). Let s(n) = 0 + 3 - 5 - 2*n + 1 + 0. Calculate s(w).
9
Let g(z) = 2 + 1911*z**3 - 1917*z**3 + 4*z**2 + 11*z**2. Let i(w) = 5*w**3 - 13*w**2 - 2. Let x(v) = -4*g(v) - 5*i(v). Calculate x(5).
2
Let d(r) = 12*r + 203. Suppose -4*o - 160*i - 44 = -156*i, 0 = -5*o - 2*i - 73. Calculate d(o).
-1
Suppose -3*u - 4*v = -v - 18, 3*u - 21 = -2*v. Suppose 5*x - 33 = 2. Let l(g) = g + 7*g + 2*g - 12*g + x. What is l(u)?
-11
Suppose 0 = -2*f + 7*f + 25. Let d(p) = p**2 - p - 2*p**3 + p**3 + 52 - 53. Let x(j) = -2*j**3 + 9*j**2 + 2. Let h(y) = 3*d(y) - x(y). Calculate h(f).
-15
Suppose 5*t - 413*h + 28 = -417*h, 0 = 7*h + 49. Let x(o) = o**3 + 2*o**2 - 3*o + 11. What is x(t)?
11
Let f(q) = -867*q - 313. Let k(d) = -91*d - 35. Let u(t) = 2*f(t) - 19*k(t). Calculate u(14).
-31
Suppose -21 = -0*t + 3*t. Let m(k) = k**2 + 11*k - 9. Let u(b) = -2*b**2 - 21*b + 17. Let j(l) = t*m(l) - 4*u(l). What is j(-9)?
13
Let n(z) = 1019*z**2 - 2001*z**2 - z - 6 + 983*z**2. What is n(7)?
36
Let y(b) = 13*b**3 + 10*b**2 + 2*b - 3. Let f(k) = -10*k**3 - 6*k**2 - k + 2. Let p(o) = 8*f(o) + 5*y(o). Determine p(-1).
16
Let c(y) = -y**3 - 20*y**2 + 48*y + 89. Let g be c(-22). Let v(q) = 56*q**2 + 3*q - 3. What is v(g)?
56
Let u be 2/(-17) - (-2100)/(-357). Let v(h) = -11*h - 9. Calculate v(u).
57
Let x = 205 + -202. Let k(n) = -3*n + 2*n**2 + 78 + 3*n**2 - 76. Let z(y) = -6*y**2 + 3*y - 3. Let l(r) = 4*k(r) + 3*z(r). Determine l(x).
8
Let a(v) = -v**2 + 6*v + 5. Let x(b) = -b**2 - 9*b + 6. Let l be x(-10). Let s be (-3 + 11 + l)*(-5)/(-2). Suppose 8*n - s*n = -16. What is a(n)?
-11
Let c(y) = -y + 5. Let l be c(3). Suppose 4*h - 10 = l. Suppose -6*f = -2*f + h*d + 6, f = d - 5. Let i(k) = -k**2 - 3*k + 1. Give i(f).
1
Let n(k) be the first derivative of k**4/4 - 14*k**3/3 - 8*k + 208. Determine n(14).
-8
Let v be (5 + -3 - -3) + 30. Let s be ((-8)/14)/(-2*5/v). Let j(q) = q**3 - 7*q**2 + 2*q**2 + 3*q**2 + 2. What is j(s)?
2
Let a(v) be the second derivative of v**4/6 + 39*v**3/2 + 285*v**2/2 - 1128*v + 3. Determine a(-56).
5
Let g(p) be the first derivative of p**4/4 + 17*p**3/3 + 16*p**2 + 20*p + 5690. Give g(-15).
-10
Let z(y) = 7*y - 3. Let r = 133 + -87. Let j = 42 - r. Let t(i) = -20*i + 8. Let f(c) = j*t(c) - 11*z(c). Calculate f(-2).
-5
Let t(r) be the first derivative of -2*r**2 + 4*r + 2. Suppose z + 3 = 2*v + 4, -2*z = 5*v - 11. Let l be 7 + -4 + 3 + (2 - v). Determine t(l).
-24
Let x be (-23)/(276/(-24))*(-1)/(-2). Let f(p) = 36*p**3 + p**2 - p + 1. Give f(x).
37
Let y(s) = 8*s**2 + s + 13. Let i be y(-6). Let v = i - 169. Let u(t) = -124*t**2 + 2*t + 3 + v*t**2 + 3*t. Give u(-3).
6
Let i(f) = -62*f + 50. Let v be (-41 - -30)/(-33)*(-3)/(-1). Determine i(v).
-12
Let x(n) be the third derivative of 0*n - 1/24*n**4 + 0 + 1/3*n**3 + 15*n**2. Let b(i) = 8*i - 1. Let p be b(1). Give x(p).
-5
Let v(o) = 68*o + 409. Let t be (2*6)/(-1) - (-582)/97. Calculate v(t).
1
Let m(g) = 4*g - 1. Let v be m(1). Let u(h) = -31101*h + 31100*h - 6 + 5 + 4. Calculate u(v).
0
Let m = -82 - -79. Let i(b) = b**2 + 5*b + 6. Let r be i(m). Let z = r - 5. Let s(n) = -n**2 - 6*n - 4. What is s(z)?
1
Let h(t) = -13*t**2 - 20*t - 32. Let w(s) = 8*s**2 + 10*s + 16. Let r(v) = 3*h(v) + 5*w(v). Calculate r(8).
-32
Let r(u) = -u + 19. Suppose -289*y + 292*y - 82 = 5*l, 5*y = 2*l + 124. What is r(y)?
-5
Suppose -4*m = -3*l - 28 - 39, -l = 4*m - 47. Let d be 0 - 5/(10/(-32)). Let z = d - m. Let v(g) = -g**3 + 4*g**2 - g - 1. Calculate v(z).
5
Let n(q) = 26*q - 163. Let u(b) = 70*b - 489. Let x(s) = -11*n(s) + 4*u(s). Give x(-27).
-1
Let u(z) = 8*z - 84. Suppose 1291*m = 1302*m - 88. Calculate u(m).
-20
Suppose 5*m + 30 = 5*h, -2*h + 7*h - m - 22 = 0. Let t(r) = 12*r**2 - 4407*r - 13*r**2 + 4412*r. What is t(h)?
4
Suppose -18*v + 17*v + 121 = 3*m, 2*m = 3*v - 341. Let f = v + -106. Let p(q) = q**3 - 8*q**2 - 10*q - 5. Determine p(f).
-14
Let n(v) be the third derivative of v**5/60 + v**4/3 + 3*v**3/2 - 3260*v**2. Calculate n(-4).
-7
Let t(j) = -5*j**2 + j. Let y be (-30)/(-4)*(-16)/(-24). Let k be -6 + (y + 0)/((-10)/(-4)). Let s(p) = p**2 + 2*p - 7. Let b be s(k). Calculate t(b).
-4
Let n = -116 + 270. Suppose 150*b = n*b + 12. Let p(g) be the third derivative of -g**5/60 - g**4/12 + g**3/3 + 5*g**2. Give p(b).
-1
Let k = -7489 + 7478. Let g(o) = o**3 + 12*o**2 + 11*o. What is g(k)?
0
Let r(x) = 35 - 78 + 106*x - 102*x + 2*x**2. Give r(-6).
5
Let d(o) be the third derivative of -7*o**4/24 + 13*o**3 - 9393*o**2. What is d(8)?
22
Let h(u) = -20*u + 3. Let c(w) = w - 1. Suppose 2*b - 76 = -18. Let f = -31 + b. Let g(v) = f*c(v) - h(v). Calculate g(-1).
-19
Let v = -48 - -53. Suppose 0 = -v*y + 3*r + 23, -y + 0 = 5*r + 1. Let s(n) be the second derivative of n**5/20 - n**4/3 + 2*n**3/3 + 5*n**2/2 - 36*n. Give s(y).
21
Suppose -7*l + 8*l = -2. Let m(p) = 2*p + 2. Let c = 38 + -36. Let f(q) = 8*q + 8. Let o(x) = c*f(x) - 9*m(x). Give o(l).
2
Let s(g) = 19*g**2 + 52*g + 53. Let y(w) = 12*w**2 + 35*w + 36. Let p(u) = -5*s(u) + 8*y(u). Give p(-18).
-13
Let o(r) be the second derivative of -4/3*r**3 + 1/6*r**4 + 0 - 3/2*r**2 + 3*r. Calculate o(6).
21
Let c = 1518 - 1389. Suppose -88*a - c = -45*a. Let z(d) = -d**2 + d - 1. Let y(g) = g**3 - 2*g**2 + 5*g - 3. Let t(o) = -y(o) + 6*z(o). Determine t(a).
-15
Let n(o) = -34*o + 3. Let s(d) = -38*d + 4. Let x(v) = 5*n(v) - 4*s(v). Determine x(2).
-37
Let h(k) = -3*k + 19. Let g be h(5). Let w(j) = 3*j**2 - 9*j - 7. Let t be w(g). Let d(y) = -y - 5 + 1 + 8 - y**3 + 0*y + 5*y**2. Give d(t).
-1
Let k = -1 - 4. Let a(m) = -25*m + 66. Let x(s) = -23*s + 60. Let w(v) = -11*a(v) + 12*x(v). What is w(k)?
-1
Let x(c) = c**2 - 8*c + 5. Let f b